 and 18422.
302
Calculate the greatest common divisor of 14 and 41660.
2
What is the greatest common divisor of 90 and 218070?
90
Calculate the highest common divisor of 85 and 6109579.
17
Calculate the highest common divisor of 81053 and 224.
7
What is the greatest common factor of 64 and 43808?
32
What is the highest common factor of 4361 and 245?
49
Calculate the greatest common divisor of 3322 and 9362.
302
What is the greatest common divisor of 105 and 6153?
21
Calculate the highest common factor of 2 and 6477.
1
What is the highest common divisor of 938 and 4154?
134
What is the greatest common divisor of 672 and 288771?
21
Calculate the highest common factor of 8360 and 253.
11
What is the highest common factor of 155 and 9424?
31
Calculate the highest common factor of 984 and 113898.
246
Calculate the highest common factor of 3040 and 48.
16
Calculate the greatest common divisor of 30 and 11249400.
30
What is the greatest common divisor of 23 and 444107?
23
What is the greatest common divisor of 216 and 165984?
24
Calculate the highest common divisor of 944249 and 707.
101
What is the greatest common factor of 444 and 31302?
222
What is the greatest common divisor of 2074050 and 45?
45
Calculate the greatest common divisor of 200982 and 6.
6
Calculate the greatest common factor of 315446 and 218.
218
What is the highest common factor of 154 and 11935?
77
Calculate the greatest common divisor of 32 and 2420.
4
Calculate the greatest common divisor of 513 and 90990.
27
Calculate the highest common factor of 86 and 2203363.
43
What is the greatest common divisor of 7470782 and 242?
242
Calculate the greatest common divisor of 117 and 73242.
117
Calculate the highest common factor of 177 and 6699981.
177
What is the highest common factor of 2212 and 137480?
28
What is the highest common factor of 23926 and 224?
14
What is the highest common divisor of 17775 and 38925?
225
What is the greatest common divisor of 7802 and 1034?
94
What is the highest common divisor of 33673 and 18732?
223
What is the greatest common divisor of 248 and 9362?
62
Calculate the highest common divisor of 445402 and 1422.
158
Calculate the greatest common divisor of 344 and 36292.
172
Calculate the greatest common divisor of 592 and 3088.
16
Calculate the greatest common divisor of 1600280 and 1320.
440
Calculate the highest common divisor of 3684699 and 17.
17
Calculate the greatest common factor of 924 and 231.
231
Calculate the greatest common factor of 55091 and 89.
89
Calculate the highest common divisor of 615 and 12021.
3
Calculate the highest common divisor of 95 and 383591.
19
What is the highest common factor of 32 and 13928?
8
Calculate the highest common factor of 373836 and 732.
12
What is the greatest common divisor of 191442 and 150?
6
What is the greatest common divisor of 900 and 7056?
36
What is the highest common divisor of 525295 and 155?
155
What is the highest common factor of 1695 and 13005735?
1695
What is the greatest common factor of 617 and 1531394?
617
Calculate the highest common factor of 348 and 25692.
12
What is the highest common factor of 4851 and 618282?
441
Calculate the greatest common divisor of 450 and 13275.
225
What is the greatest common factor of 6312 and 28344?
24
What is the greatest common divisor of 70 and 66850?
70
What is the highest common divisor of 651112 and 2744?
392
Calculate the highest common divisor of 11324 and 25330.
298
What is the highest common divisor of 868 and 127232?
28
Calculate the highest common divisor of 2065 and 111097.
413
What is the highest common factor of 78743 and 98?
49
Calculate the highest common divisor of 1992 and 1622982.
498
What is the highest common divisor of 5529 and 1455?
291
Calculate the greatest common divisor of 470 and 2397.
47
Calculate the highest common divisor of 43350 and 240.
30
What is the highest common divisor of 1328916 and 2596?
236
What is the highest common factor of 239011 and 4707?
523
Calculate the greatest common divisor of 32 and 301488.
16
What is the greatest common factor of 310 and 437720?
310
What is the highest common factor of 1349 and 7296?
19
Calculate the greatest common divisor of 1674 and 3782.
62
What is the greatest common divisor of 6461 and 23359?
497
What is the highest common divisor of 72238 and 8?
2
Calculate the highest common factor of 1504 and 59408.
752
Calculate the greatest common divisor of 723840 and 1440.
480
Calculate the greatest common divisor of 1740 and 90.
30
Calculate the greatest common factor of 14 and 1017954.
14
Calculate the highest common divisor of 12649 and 8502.
13
What is the highest common factor of 288 and 39888?
144
Calculate the highest common divisor of 32 and 1074016.
32
Calculate the highest common divisor of 112 and 443996.
28
What is the highest common divisor of 1443125 and 625?
625
What is the greatest common divisor of 756 and 661878?
378
What is the highest common divisor of 169398 and 54?
54
Calculate the greatest common divisor of 447 and 707005.
149
Calculate the highest common factor of 320 and 10740.
20
What is the greatest common divisor of 38199 and 51?
51
Calculate the highest common divisor of 15 and 1153410.
15
Calculate the greatest common factor of 413240 and 60.
20
What is the greatest common divisor of 138 and 234094?
46
Calculate the highest common factor of 1171562 and 1876.
938
What is the highest common divisor of 122468 and 68?
68
What is the highest common divisor of 19228 and 66044?
836
What is the highest common divisor of 91 and 844142?
13
What is the greatest common factor of 14235 and 11826?
219
What is the highest common divisor of 32292 and 17064?
108
Calculate the highest common divisor of 9046 and 23.
1
Calculate the highest common divisor of 20631 and 17238.
39
Calculate the greatest common divisor of 92174 and 544.
34
Calculate the highest common divisor of 49410 and 306.
18
What is the highest common divisor of 24 and 32892?
12
What is the highest common divisor of 5517 and 254395?
613
Calculate the greatest common divisor of 155523 and 705.
141
What is the greatest common divisor of 1064 and 12996?
76
What is the greatest common factor of 30745 and 215?
215
Calculate the highest common factor of 22 and 3098986.
22
What is the greatest common factor of 725154 and 285?
57
What is the greatest common factor of 8 and 563192?
8
Calculate the greatest common divisor of 880 and 1251800.
440
Calculate the highest common factor of 39 and 52662.
3
Calculate the greatest common factor of 173 and 17.
1
What is the highest common factor of 21 and 172032?
21
What is the greatest common factor of 31714 and 7171?
101
Calculate the highest common divisor of 4788 and 168.
84
What is the highest common factor of 951 and 405?
3
What is the greatest common factor of 2075 and 25?
25
Calculate the greatest common divisor of 4370 and 12920.
190
What is the highest common factor of 3173 and 9975?
19
Calculate the highest common divisor of 2891 and 23836.
59
What is the highest common divisor of 2195 and 245401?
439
What is the highest common factor of 11739 and 4214?
301
Calculate the highest common divisor of 18 and 225441.
9
What is the greatest common divisor of 10472 and 9112?
136
What is the highest common factor of 74825 and 820?
205
What is the greatest common factor of 6784 and 33496?
424
Calculate the highest common factor of 308 and 62496.
28
Calculate the greatest common factor of 63 and 580314.
21
What is the highest common factor of 59270 and 50?
10
Calculate the highest common factor of 392988 and 12.
12
What is the highest common factor of 663720 and 20?
20
Calculate the highest common factor of 448 and 596864.
64
Calculate the greatest common factor of 62 and 2150873.
31
Calculate the highest common factor of 1912 and 753567.
239
What is the greatest common divisor of 40 and 5990?
10
Calculate the greatest common factor of 14 and 266.
14
What is the highest common factor of 117 and 121875?
39
What is the greatest common divisor of 4014 and 2?
2
Calculate the greatest common factor of 344 and 41796.
172
What is the greatest common divisor of 711 and 474?
237
What is the highest common factor of 1891 and 6408599?
1891
What is the greatest common divisor of 38111 and 46